ose 11*o = -36*o. Suppose -7*a + 8987 - 1616 = o. What is the thousands digit of a?
1
Suppose q = 8*q + 21. What is the hundreds digit of q*(-2472)/(-18)*-1?
4
Suppose -18 = -7*y + 3. Suppose -y*q + 1470 = 5*b, -4*b - 8*q + 1163 = -3*q. What is the tens digit of b?
9
What is the tens digit of (174/116)/(6/135208)?
0
What is the units digit of 30674/11 + 1626/(-2981)?
8
Let d be ((6/(-9))/2)/(7/(-11193)). Let w = d - 240. What is the hundreds digit of w?
2
Suppose -2*t + 9*t = -63. Let h be -1 + 4 + (-3 - -12)/t. What is the tens digit of (-1)/((-7)/1561) + 1*h?
2
Suppose d = -4*i + 17, 2*d - d = i - 3. Suppose -o = 0, 2*a = i*a + 2*o - 1174. What is the hundreds digit of a?
5
Let j(f) = 24*f - 11. Let k be j(-2). Let c be 4/(2 - 0) - 4. What is the units digit of (-1)/c*-2*k?
9
Suppose 6*x - 744 = 9*x. Let t = x - -543. What is the units digit of t?
5
Let v = 14 - 26. What is the hundreds digit of (-4)/v - (-1175)/3?
3
Suppose 5*i - 2*k = 15 + 28, -2*i + 6 = 2*k. Suppose -i*z + 6440 = 7*z. What is the tens digit of z?
6
Let f = -54636 + 105024. What is the tens digit of f?
8
Let k be -7*11/(77/(-5)). What is the hundreds digit of (-10)/k - (-862 + (-3)/3)?
8
Suppose -62*b = -57*b + 130. What is the units digit of (b + 27)/(2/10)?
5
Let u(f) = 357*f**2 - 4*f + 3. Let l be u(1). Suppose -5*c = 3*p - l, 0*c = 4*c + 3*p - 286. What is the tens digit of c?
7
Let o = 635 - 1171. Let b = o - -789. What is the hundreds digit of b?
2
Suppose 416 = -2*y - 152. Let x = y + 816. What is the units digit of x?
2
Let k = 142894 + -73619. What is the hundreds digit of k?
2
What is the tens digit of (16/20)/(11/181280*8)?
4
Suppose 3*a - 35 - 1 = 0. Suppose 17*q = a*q + 510. What is the hundreds digit of q?
1
Let l(x) = -20*x - 16. Let c be l(6). Let i = 269 + c. What is the hundreds digit of i?
1
Let l be (-137)/((7 + -4)/(-3)). Let j = l + -128. Suppose j*m - 2460 = -6*m. What is the units digit of m?
4
Let y(i) = 2*i**3 + i**2 - i + 67. Let u be y(0). Let j = 433 + u. What is the units digit of j?
0
Suppose -138 = -7*t - 12. Suppose 5*u + 561 = 3*v, -2*u - t = -3*v + 201. Let y = u - -166. What is the units digit of y?
2
Let c = 8382 + -1909. What is the units digit of c?
3
Suppose -3*h + 0*h - 47 = f, 155 = -4*f - h. Let t = 917 - f. What is the tens digit of t?
5
Let s be 207/(-7) + 12/21 + -1. What is the hundreds digit of 1312 - ((-40)/s)/((-2)/6)?
3
Let f(t) = -2157*t - 3623. What is the units digit of f(-13)?
8
Let k(q) = 2*q**2 + 8*q - 1. Suppose 3*r = 3*f + 10 + 14, 3*r - 4 = -2*f. Let n be k(f). What is the units digit of 2*(-62)/n + 5?
9
Let x be -9*(-78)/(-9) + (-6)/(-2). Let r be (-2344)/10 - (-6)/x*-5. What is the hundreds digit of 0 - 2 - r/2?
1
What is the units digit of (-5)/(-1) - 8416/2*266/(-28)?
1
Suppose 0 = -250*m + 249*m - 5*j + 13405, 3*m = 5*j + 40315. What is the thousands digit of m?
3
What is the tens digit of 4 + 8276 + (140/50 - 1/(-5))?
8
Let v(w) = -213*w - 63. Let z be v(-3). Suppose 8*i = 3536 - z. What is the units digit of i?
0
Let p = -27657 - -39403. What is the ten thousands digit of p?
1
Let w be -1 + -4 - (43 - 3). What is the tens digit of 4530/w*1*-3?
0
Suppose -2*b = -5*p - 123332, 2*b - 116*p - 123284 = -119*p. What is the units digit of b?
1
Suppose -137*s + 138*s + 3 = 0. Let d(x) = -69*x - 23. Let b(c) = 35*c + 11. Let q(t) = -13*b(t) - 6*d(t). What is the tens digit of q(s)?
1
Suppose l - 5*k = 35274, 3*k - 11110 = 4*l - 152291. What is the tens digit of l?
9
Suppose -f - 366 = -5*a - 1411, f - 4*a - 1045 = 0. Suppose 52 = v - m - 166, 4*m - f = -5*v. What is the tens digit of v?
1
Let h = 658 - 360. Suppose t + 4*d + 0 = h, 2*t = -2*d + 566. What is the tens digit of t?
7
Suppose 3*l = 6*l - j - 81, -2*j + 20 = l. Suppose o - l + 4 = 0. Suppose 27*s = o*s + 580. What is the hundreds digit of s?
1
Suppose 0 = -r + 7222 + 2279 - 676. What is the hundreds digit of r?
8
Suppose -t - 23 = -5*m, 4*m - 18 = 5*t - 4*t. Suppose 5*c - i - 3060 = 0, t*c - 390 = -2*i + 834. What is the units digit of c?
2
Suppose 47*h = 97*h - 47*h - 55920. What is the hundreds digit of h?
6
What is the thousands digit of (-871869)/(-12) + 0 - (102/(-24) + 4)?
2
Let a(g) = 7584*g**2 + 11*g - 7. What is the hundreds digit of a(1)?
5
Suppose 15*z - 12*z = q + 28849, -48095 = -5*z - 5*q. What is the thousands digit of z?
9
Let t(z) = 200*z**2 - 77*z - 480. What is the units digit of t(-6)?
2
Suppose -8*r = -3*r - 10. Suppose -2*f + 10 = 0, -r*a - 4*f + 36 = -4*a. What is the tens digit of 8/(-12)*1884/a?
5
What is the hundreds digit of (((-60)/(-50))/(-1))/(8/(-9420))?
4
Suppose 5*s = -4*r - 0*s + 8689, 2*s + 6 = 0. Suppose -2*f + 2*p = -r, 4*f - 2*f + 2*p - 2196 = 0. What is the thousands digit of f?
1
Let i(u) = -u**3 + 2*u**2 + 530. Let o be 6 - 4 - (-2)/(-4)*4. Let q be i(o). Suppose 0 = -2*t + 4, 2*t + q = 4*g - t. What is the tens digit of g?
3
Suppose -46 = m + 19. Let c = m - -69. Suppose 7*h - 4*h = -3, -5*h + 123 = c*o. What is the tens digit of o?
3
What is the tens digit of (-291912)/(-27) + 24/54?
1
Let i(t) = 43*t**2 - 83*t + 877. What is the hundreds digit of i(14)?
1
Let y = 11 + -13. Let b be 30*15/((-21)/15 - y). Suppose 7*x = x + b. What is the tens digit of x?
2
Let a = 48823 + 18832. What is the hundreds digit of a?
6
Suppose 0 = 8*w - 7*w - 4, -n + 3*w + 21623 = 0. What is the ten thousands digit of n?
2
Let o be (-654)/(-18) + (-4)/3. Let j = 20 + o. Suppose x - 129 = -5*y, x + 4*x + j = 3*y. What is the tens digit of y?
2
Let n = 748 + -731. Suppose 0 = -n*w + 19616 + 5850. What is the hundreds digit of w?
4
Let m(x) = x**2 - 7*x + 9. Let k be m(8). Suppose 556 = k*d - 1416. What is the hundreds digit of d?
1
Let x be 2510248/156 + 8/(-6). Suppose -57062 = -48*s + x. What is the thousands digit of s?
1
Let r = 5992 - -913. What is the thousands digit of r?
6
What is the thousands digit of (4159/2)/(8/456*15/10)?
9
Suppose 5*j - 5*u + 29305 = 10*j, u + 23429 = 4*j. What is the hundreds digit of j?
8
Let l(m) = 20*m + 0*m**2 - 9 - 32*m - m**3 + 8*m**2 + 3*m**2. What is the tens digit of l(7)?
0
Suppose -3*v = 7*a - 11*a - 223, a + 67 = -3*v. What is the hundreds digit of a*(-5)/(-5)*-4?
2
Let z(n) = n**3 - 5*n**2 + 36*n + 42. Let t = 51 - 43. What is the hundreds digit of z(t)?
5
Suppose 8*i = 3*i - 5. Let p be ((-2756)/(-78))/(i - 10/(-9)). What is the units digit of (-1)/(2/p*(3 - 6))?
3
Suppose -5*y = 2*i - 35087, -y = -4*i + i + 52588. What is the tens digit of i?
3
Let r(j) = 30*j**3 + 6*j**2 - 27*j + 11. What is the thousands digit of r(6)?
6
Let w = -1700 + 1709. Let d(r) = 3*r + 5*r + 2*r + 2. What is the tens digit of d(w)?
9
Suppose -15 + 10 = -5*h. Suppose -4*w = 12, 2*w + h = p - 32. Let d = 122 - p. What is the tens digit of d?
9
Let z(b) = 53*b**3 + 5*b**2 - 7*b + 9. Let r be z(3). Suppose -38*a + 35*a + r = 0. What is the hundreds digit of a?
4
Suppose 1767 = 14*c + 12883. Let u = c + 1286. What is the hundreds digit of u?
4
Let r be ((-1)/(-3))/(3/9). Suppose 4*n = v + 4*v + 5, r = n - v. Suppose n = 2*q + q - 402. What is the tens digit of q?
3
Suppose 2*b = -5*y + 73 + 299, -5*y + 2*b + 388 = 0. Suppose -79*s + 3258 = -y*s. What is the units digit of s?
6
Suppose 13*b - 50 = 15. Suppose -x - 2*k + 39 + 527 = 0, b*k - 572 = -x. What is the hundreds digit of x?
5
Suppose -2160 = 5*v + 5*f, f + 3*f - 858 = 2*v. Suppose 5*u + 1328 + 112 = 0. Let s = u - v. What is the units digit of s?
3
Suppose 0 = 13*w - 18*w + 6755. Suppose 1345*i + 3972 = w*i. What is the units digit of i?
2
Let q(i) = i**3 - i**2 - 11*i + 2. Let z be q(4). Let p(y) = 3*y**2 + 5*y + 12. What is the tens digit of p(z)?
5
Let y = 1262 + -159. What is the units digit of y?
3
Let l be (-1264)/(-5) - (-96)/(-120). Suppose -2940 = -14*k + l. What is the hundreds digit of k?
2
Let i = 26 - 21. Suppose 4*v + 12 = 2*a - 6, -i*a + 4*v + 33 = 0. Suppose -n + 173 = -5*o, a*n + 3*o - 821 = 6*o. What is the units digit of n?
3
Let s(x) = x**3 - 10*x**2 + 79*x - 5. Let w be s(8). Let r = 1479 - w. What is the units digit of r?
0
Let u(l) = -286*l**3 - 6*l**2 - 9*l - 3. What is the units digit of u(-4)?
1
Let t = 2300 + -1550. Suppose -11*j = -j + t. Let x = j + 117. What is the units digit of x?
2
Suppose -d + 1856 = 2*g - 7*g, -4*d + 7405 = -